ime number?
False
Is 4567 a composite number?
False
Is 347 a composite number?
False
Is 33997 prime?
True
Is 3367681 composite?
False
Is 8581 composite?
False
Is 166043 composite?
False
Is 624643 a prime number?
True
Is 7279 composite?
True
Is 426229 composite?
False
Is 38261 composite?
False
Is 149 prime?
True
Is 7621 a composite number?
False
Is 106679 a composite number?
True
Is 32167 a prime number?
False
Is 215 composite?
True
Is 14183 a prime number?
False
Is 9274 a prime number?
False
Is 1855199 prime?
False
Is 108487 a composite number?
True
Is 184793 prime?
False
Is 13063 prime?
True
Is 1471069 a prime number?
True
Is 998377 prime?
True
Is 157541 a prime number?
False
Is 1153267 composite?
False
Is 2069 prime?
True
Is 29779 a prime number?
False
Is 144629 a prime number?
True
Is 8663 prime?
True
Is 419417 a prime number?
True
Is 33841 composite?
True
Is 645313 prime?
True
Is 5779 composite?
False
Is 1567 composite?
False
Is 1729894 a composite number?
True
Is 127951 a prime number?
True
Is 861257 a prime number?
False
Is 17011 prime?
True
Is 17957 a prime number?
True
Is 176261 a prime number?
True
Is 539867 prime?
False
Is 38053 a prime number?
True
Is 227027 prime?
True
Is 86453 composite?
False
Is 110189 a prime number?
False
Is 50207 a prime number?
True
Is 70079 a prime number?
True
Is 1146629 composite?
True
Is 264281 a composite number?
True
Is 191953 prime?
True
Is 699806 a prime number?
False
Is 8633 a composite number?
True
Is 263 composite?
False
Is 12143 prime?
True
Is 14891 a prime number?
True
Is 2153 a prime number?
True
Is 36037 a composite number?
False
Is 10781 a prime number?
True
Is 137779 a composite number?
True
Is 11707 a prime number?
False
Is 321611 a composite number?
False
Is 379 composite?
False
Is 39513 a prime number?
False
Is 293439 a prime number?
False
Is 1393681 a composite number?
False
Is 739811 a prime number?
False
Is 10996871 a prime number?
True
Is 2215501 prime?
True
Is 8741 a prime number?
True
Is 14051 a prime number?
True
Is 21163 a prime number?
True
Is 960299 composite?
False
Is 212987 a composite number?
False
Is 10091 composite?
False
Is 455123 a prime number?
True
Is 137477 composite?
False
Is 161198 prime?
False
Is 917 prime?
False
Is 121333 a prime number?
True
Is 2453 prime?
False
Is 24251 composite?
False
Is 62273 prime?
True
Is 17859 a composite number?
True
Is 13217 prime?
True
Is 2429 a composite number?
True
Is 5501 a composite number?
False
Is 657983 composite?
False
Is 6294137 prime?
True
Is 2648897 a prime number?
True
Is 852749 a composite number?
False
Is 37409 a prime number?
True
Is 130927 prime?
True
Is 1423 a composite number?
False
Is 48017 a composite number?
False
Is 5297 composite?
False
Is 2390197 a composite number?
False
Is 5057 a composite number?
True
Is 8147 composite?
False
Is 4222 prime?
False
Is 81967 composite?
False
Is 80007 composite?
True
Is 1706509 prime?
False
Is 21509 composite?
True
Is 2787 prime?
False
Is 1046237 composite?
False
Is 191 composite?
False
Is 571 prime?
True
Is 58679 a composite number?
False
Is 650273 composite?
True
Is 60035 composite?
True
Is 291 composite?
True
Is 262757 a prime number?
False
Is 2579 prime?
True
Is 2777 a prime number?
True
Is 21287 a composite number?
True
Is 143167 composite?
True
Is 4481 a prime number?
True
Is 25793 composite?
False
Is 613882 a prime number?
False
Is 2414693 a prime number?
False
Is 5147 a prime number?
True
Is 33481 a prime number?
False
Is 42203 a composite number?
True
Is 8705 a composite number?
True
Is 2461 prime?
False
Is 392781 composite?
True
Is 489313 a composite number?
True
Is 91121 composite?
False
Is 3785 a composite number?
True
Is 15727 a prime number?
True
Is 699 prime?
False
Is 1693 composite?
False
Is 78643 composite?
False
Is 1046579 a composite number?
False
Is 1061279 composite?
False
Is 213653 composite?
True
Is 999227 a composite number?
True
Is 647779 prime?
False
Is 7751 prime?
False
Is 29459 a composite number?
True
Is 16519 prime?
True
Is 75917 a composite number?
True
Is 1789279 composite?
True
Is 14263 a composite number?
True
Is 60829 composite?
True
Is 17467 composite?
False
Is 13093 composite?
False
Is 85571 a composite number?
False
Is 157153 a prime number?
False
Is 45134 a prime number?
False
Is 2705 a composite number?
True
Is 31043 prime?
False
Is 76883 composite?
False
Is 85381 composite?
False
Is 101735 a prime number?
False
Is 143821 a composite number?
False
Is 581959 a prime number?
False
Is 895 prime?
False
Is 946351 composite?
True
Is 18527 a composite number?
True
Is 3821 a prime number?
True
Is 1068657 a composite number?
True
Is 23719 a prime number?
True
Is 8191 composite?
False
Is 556451 a composite number?
True
Is 246403 composite?
False
Is 1488785 composite?
True
Is 19121 composite?
False
Is 1097 composite?
False
Is 13963 composite?
False
Is 13714 composite?
True
Is 120371 composite?
False
Is 1357 a composite number?
True
Is 102359 prime?
True
Is 3488557 a prime number?
False
Is 557483 prime?
True
Is 12203 composite?
False
Is 21179 composite?
False
Is 108161 a prime number?
True
Is 27338 composite?
True
Is 1438487 prime?
False
Is 363113 a composite number?
True
Is 41221 prime?
True
Is 3649 a composite number?
True
Is 16183 a prime number?
True
Is 6374 a composite number?
True
Is 3847 a composite number?
False
Is 24281 a composite number?
False
Is 1655 a prime number?
False
Is 1924331 composite?
False
Is 17957 composite?
False
Is 10099 prime?
True
Is 558751 prime?
False
Is 820735 composite?
True
Is 501503 a composite number?
False
Is 132395 a composite number?
True
Is 88573 a composite number?
True
Is 27127 composite?
False
Is 456349 a prime number?
True
Is 701653 composite?
False
Is 600857 a composite number?
False
Is 5501 a composite number?
False
Is 517045 composite?
True
Is 87807 a composite number?
True
Is 90787 a prime number?
True
Is 601709 a prime number?
False
Is 192461 composite?
False
Is 345815 a composite number?
True
Is 5683 prime?
True
Is 2427 a prime number?
False
Is 23866 prime?
False
Is 119333 a prime number?
False
Is 4197 a prime number?
False
Is 35209 composite?
True
Is 3827 a composite number?
True
Is 8819 composite?
False
Is 36199 a composite number?
True
Is 7151 composite?
False
Is 24239 a prime number?
True
Is 123463 prime?
False
Is 7135 a composite number?
True
Is 57887 a prime number?
False
Is 1465 composite?
True
Is 294962 a composite number?
True
Is 188197 prime?
True
Is 1292237 a composite number?
False
Is 225479 a prime number?
True
Is 273457 prime?
True
Is 12179 a composite number?
True
Is 2371 a prime number?
True
Is 228433 composite?
True
Is 1243 prime?
False
Is 1112941 prime?
True
Is 12247 a prime number?
False
Is 134471 prime?
True
Is 1531769 prime?
True
Is 2941 a composite number?
True
Is 698077 prime?
True
Is 28343 prime?
False
Is 15227 prime?
True
Is 5903 prime?
True
Is 2474 prime?
False
Is 278527 a prime number?
False
Is 180281 composite?
False
Is 110749 a composite number?
False
Is 11829 a prime number?
False
Is 521861 prime?
True
Is 212777 a composite number?
False
Is 337397 a prime number?
True
Is 30017 a composite number?
True
Is 283207 composite?
False
Is 28043 composite?
True
Is 45947 prime?
False
Is 552219 composite?
True
Is 6521 a composite number?
False
Is 964517 a composite number?
False
Is 40121 a prime number?
False
Is 24659 a composite number?
False
Is 296099 composite?
False
Is 10213 composite?
True
Is 949493 a prime number?
False
Is 196727 a composite number?
False
Is 23099 a prime number?
True
Is 2018071 composite?
True
Is 467171 composite?
False
Is 32471 prime?
False
Is 16673 a composite number?
False
Is 147233 a composite number?
True
Is 114157 a prime number?
True
Is 52729 prime?
False
Is 34423 a prime number?
False
Is 261962 a composite number?
True
Is 3910057 a composite number?
False
Is 299347 composite?
True
Is 278717 prime?
True
Is 141509 a composite number?
False
Is 477065 prime?
False
Is 26489 a composite number?
False
Is 177167 a prime number?
True
Is 129157 composite?
True
Is 127877 composite?
False
Is 8674 prime?
False
Is 56369 a composite number?
False
Is 7235 prime?
False
Is 73999 prime?
True
Is 2927 a composite number?
False
Is 8143 a prime number?
False
Is 243647 prime?